3*y = -5*p - 73, -5*y + 0*p + 113 = -v*p. Let g be (-7)/(y/(-30))*57/6. Calculate the greatest common factor of g and 19.
19
Let y = 15944 + -14697. What is the highest common factor of y and 215?
43
Suppose 9*o = o + 6*o. Suppose o*c - 8 = -4*c, -4*w - 2*c = -408. What is the highest common factor of w and 1919?
101
Let v = -13486 + 13502. Let x(z) = 68*z**2 - z + 2. Let r be x(2). Calculate the greatest common divisor of v and r.
16
Suppose 5*r = -x + 1805, 0 = -213*r + 218*r - 4*x - 1780. Calculate the highest common factor of r and 440.
40
Let x = 19617 - 13904. What is the highest common factor of x and 29?
29
Let m be 18236/80 - 16/(-320). What is the highest common factor of 48 and m?
12
Let u be 53 + (6/27 - 1645/315). What is the highest common divisor of 1136 and u?
16
Let x be 4 - (3/((-3)/(-64)))/1. Let i be 360/(-14)*210/x. Calculate the highest common factor of 50 and i.
10
Let k be (-1 - (-25)/9) + (-48)/(-216). Let y be (-2 - k)/((-5)/((-450)/(-4))). Calculate the greatest common divisor of y and 54.
18
Let d = 8 + -8. Suppose -v - 4*v + 90 = d. Suppose 0 = 3*y + c - 17, 2*c = -2*y - c + 9. What is the greatest common factor of y and v?
6
Let u be 110/8*(-17120)/(-2675). Calculate the greatest common divisor of u and 1520.
8
Let p be (3/(-2))/((-12)/3024). Suppose 4*h - 236 = -3*t, -5*t + 2*h + p = h. What is the highest common factor of t and 19?
19
Let j(g) = -g**3 + 5*g**2 + 11*g - 15. Let l be j(8). Let d = l - -177. Calculate the highest common factor of d and 87.
29
Let t(j) = -29*j + 11*j + 2*j - 64. Let v be t(-7). What is the highest common divisor of 132 and v?
12
Suppose -75*p + 2890 = 5*d - 79*p, -d = 3*p - 597. What is the highest common factor of 9700 and d?
194
Suppose 2*a - 9746 = -2*x, -4*a + 11915 = -5*x - 7568. Calculate the greatest common factor of a and 63.
21
Let h = -306 - -311. Let j be 115/46*(-4)/h*-4. What is the highest common factor of 232 and j?
8
Suppose -5*b - 5*r + 2205 = 0, -18*b + 22*b = 2*r + 1728. What is the highest common factor of b and 35?
5
Let w(a) = a**3 - 8*a**2 - 9*a. Let l be w(9). Suppose -7*p - 4*j = -9*p + 142, l = p - 4*j - 65. Calculate the highest common factor of p and 11.
11
Let j be (-5*17/51)/((-1)/60). Let c(k) = -52*k + 4. Let q be c(-3). Calculate the highest common divisor of q and j.
20
Let f(s) = -17*s + 1. Let g be f(8). Let a be (g/(-12))/(12/48). Calculate the highest common factor of 360 and a.
45
Suppose r + 3*x - 148 = 0, x + 683 = 4*r + 78. Let m = r + -60. Suppose 5*l = -3*q + 41 + 18, -5*q - 36 = -2*l. Calculate the highest common factor of l and m.
13
Let q(i) = 129*i - 2154. Let y be q(18). What is the highest common divisor of 224 and y?
56
Let q = -6798 + 12528. Calculate the greatest common factor of 10 and q.
10
Suppose 4*j + 16 = 2*u, -5*j = u - 0*j + 6. Suppose 295 = u*s - 17. Let t be 3/(9/1)*s. Calculate the greatest common divisor of 78 and t.
26
Suppose 498*u - 376635 = 453*u - 142815. What is the greatest common divisor of u and 12?
12
Let a = -36 + 40. Suppose 0*w = -z + 4*w - 15, -4*w = a*z - 40. Suppose 0 = -5*u + z*i + 210, -u + 4*i + 62 = 26. What is the greatest common factor of 4 and u?
4
Suppose 5*r + a = 232 - 9, 2*r = 4*a + 98. Let f = 51 - r. Let q be (4/(-6) + -3)*-18. What is the greatest common divisor of q and f?
6
Let t(z) = z**3 + 46*z**2 - 145*z + 41. Let m be t(-49). Let u be m/399 + (-225)/(-7). Calculate the highest common factor of u and 32.
32
Let a = 2544 - 2440. What is the greatest common factor of a and 1261?
13
Suppose 0 = -7*i + i + 816. Let z = 349 - i. What is the highest common divisor of z and 71?
71
Suppose 4*a = 24 + 92. Let t be ((-546)/(-65))/(1/80) - 5. Calculate the highest common factor of t and a.
29
Let z(l) = -6*l - 129. Let k be z(-25). Suppose k*c - 19*c = 112. Calculate the greatest common divisor of c and 40.
8
Let s(z) be the second derivative of -1/12*z**4 + 14*z + 10*z**2 + 0 + 0*z**3. Let x be s(0). What is the highest common factor of x and 4?
4
Let r be 9/(-99) + (4/(-22))/(-2). Suppose -3*w + 5*h + 385 + 35 = r, 0 = -2*w - 4*h + 302. Calculate the highest common factor of w and 116.
29
Let c = 506 + -493. Suppose c*x - 11*x = -5*o + 36, -5*x + 90 = 4*o. What is the highest common factor of 30 and x?
6
Suppose -5*c = 5*y - 260, 4*c = -15*y + 13*y + 102. What is the greatest common factor of y and 17?
1
Let q = 717 + -721. Let u be q/3*450/(-40). Calculate the greatest common divisor of 300 and u.
15
Let s be (-54)/432 + 106278/48. What is the highest common divisor of 6 and s?
6
Let m(p) = -2*p**2 - 12*p + 27. Let j be m(-8). Let n be 9/((j/(-9))/5). Suppose 126*o - 36 = 122*o. Calculate the greatest common divisor of n and o.
9
Let g = -31 + 39. What is the greatest common divisor of 562 and g?
2
Let m(x) = -x + 5. Let d be m(2). Let i(v) = v**2 - v - 18. Let z be i(-11). Suppose -42 = 6*w - z. Calculate the highest common factor of d and w.
3
Let s = -87 + 142. Suppose -8*l - 2475 = -13*l. What is the greatest common divisor of s and l?
55
Let b be (-1273888)/(-1815) + 8/15 + (-8)/20. What is the greatest common divisor of 540 and b?
54
Let v(i) = i**2 + 9*i + 9. Let q be v(-10). Let t = 22 - q. Suppose t*o - d = 8*o - 1042, 2*o - 5*d - 433 = 0. What is the highest common factor of 19 and o?
19
Suppose -6*d - 799 = 431. Let x be ((-6)/5)/(2/d). What is the greatest common divisor of 82 and x?
41
Suppose 5*l + 265 = -10*a + 6*a, -l = 4*a + 261. Let s be (-39)/a + 314/10. What is the greatest common divisor of 288 and s?
32
Suppose 462 = -11*h + 12*h + 4*k, 4*k - 8 = 0. Let m = h + -102. Calculate the highest common divisor of m and 11.
11
Let i = 140 + -139. Let x be i*16*57/38. Calculate the highest common divisor of x and 408.
24
Let g(w) = 127*w**2 - 1. Let c be g(-1). Let o be 196*((-70)/20 - -4). What is the greatest common factor of o and c?
14
Suppose 7*w + 105 = 12*w. Suppose -w*x = -18*x - 261. Calculate the greatest common divisor of 29 and x.
29
Let j = 12739 + -12701. What is the highest common factor of 30286 and j?
38
Let u(d) = -357*d - 690. Let h be u(-18). What is the highest common divisor of h and 24?
24
Suppose 0*z - 2*l = -5*z + 445, 0 = 5*l. Suppose -2*u - 20 = -7*u, -2*u + z = 3*w. Let y be 2/(-3) + 2826/w. Calculate the greatest common divisor of y and 13.
13
Let d be (-232)/(-29) - 18/1. Let l be (48/14)/((-1)/(735/d)). Calculate the greatest common factor of 112 and l.
28
Let i = -21521 + 22959. Calculate the highest common divisor of 2 and i.
2
Let u(c) = 2 - 1 + 2*c - c + 0*c. Let l be u(11). Let f = 8 + l. What is the greatest common divisor of 80 and f?
20
Let m be (-63)/84 - 43/(-4). Let p be -2*(-1)/m - 13197/(-415). What is the highest common divisor of 192 and p?
32
Let u(l) = l**3 - 29*l**2 - l + 2. Let a be u(29). Let w be -1053*(6 + 171/a). What is the highest common factor of w and 78?
39
Let l(h) = 6*h**2 + 3*h - 3. Let w be l(5). Suppose 385*q = 393*q - 48. What is the greatest common factor of q and w?
6
Suppose -5*w = 3*t - 984, -w - 1109 = -4*t + 203. Calculate the greatest common factor of t and 2214.
82
Let m be 60*(6496/(-35))/(-16). What is the greatest common divisor of 1508 and m?
116
Let u = 1102 - 1671. Let y = 577 + u. Calculate the greatest common divisor of y and 38.
2
Let a be 26/(1014/2613) - 42. Suppose 4*t = -0*t - 4*v + 80, -5*t + 150 = -5*v. What is the greatest common factor of t and a?
25
Let t(y) = -y**3 + 27*y**2 + 52*y - 397. Let q be t(28). Let n = 154 - 99. What is the highest common factor of q and n?
55
Let b(r) = 69*r**2 - 5*r - 6. Let f be b(-1). Suppose 0 = 15*m - f - 37. Let a be (-6)/(-8) - 125/(-20). Calculate the highest common divisor of a and m.
7
Suppose 4*l - 9 - 3 = 0. Let f be 9 - (l/(-6) + (-5)/2). Suppose -21 = -2*u - r, 4*r - f = 8. What is the greatest common divisor of u and 12?
4
Let k(c) = -c**2 + 184*c + 28. Let p be k(0). What is the highest common factor of 4732 and p?
28
Let w(o) = -165*o - 1483. Let m be w(-11). Calculate the highest common factor of 166 and m.
166
Let h(a) = -12*a - 2*a**3 - 8*a + 3*a**3 - 36*a**2 + 20 + 16*a**2. Let f be h(21). Let j be (6/4)/(3/328). Calculate the greatest common factor of f and j.
41
Suppose 4*p = 2*d - 30, -16*d = -12*d + 2*p. What is the greatest common 